{"id":359,"date":"2024-04-19T10:31:20","date_gmt":"2024-04-19T13:31:20","guid":{"rendered":"https:\/\/muriaeprev.com.br\/site\/?page_id=359"},"modified":"2025-05-13T09:36:30","modified_gmt":"2025-05-13T12:36:30","slug":"carteiras-de-investimentos","status":"publish","type":"page","link":"https:\/\/muriaeprev.com.br\/site\/?page_id=359","title":{"rendered":"Carteiras de Investimentos"},"content":{"rendered":"\n<p><\/p>\n\n\n\n<p><strong>2025<\/strong><br><a href=\"https:\/\/muriaeprev.com.br\/site\/wp-content\/uploads\/2025\/05\/Posicao-dos-Investimentos-31012025.pdf\" data-type=\"attachment\" data-id=\"491\">Posi\u00e7\u00e3o dos Investimentos em 31012025<\/a><br><a href=\"https:\/\/muriaeprev.com.br\/site\/wp-content\/uploads\/2025\/05\/Posicao-dos-Investimentos-28022025.pdf\" data-type=\"attachment\" data-id=\"483\">Posi\u00e7\u00e3o dos Investimentos em 28022025<\/a><br><a href=\"https:\/\/muriaeprev.com.br\/site\/wp-content\/uploads\/2025\/05\/Posicao-dos-Investimentos-31032025.pdf\" data-type=\"attachment\" data-id=\"493\">Posi\u00e7\u00e3o dos Investimentos em 31032025<\/a><\/p>\n\n\n\n<p><strong>2024<\/strong><br><a href=\"https:\/\/muriaeprev.com.br\/site\/wp-content\/uploads\/2025\/05\/Posicao-dos-Investimentos-31012024.pdf\" data-type=\"attachment\" data-id=\"490\">Posi\u00e7\u00e3o dos Investimentos em 31012024<\/a><br><a href=\"https:\/\/muriaeprev.com.br\/site\/wp-content\/uploads\/2025\/05\/Posicao-dos-Investimentos-29022024.pdf\" data-type=\"attachment\" data-id=\"485\">Posi\u00e7\u00e3o dos Investimentos em 29022024<\/a><br><a href=\"https:\/\/muriaeprev.com.br\/site\/wp-content\/uploads\/2025\/05\/Posicao-dos-Investimentos-31032024.pdf\" data-type=\"attachment\" data-id=\"492\">Posi\u00e7\u00e3o dos Investimentos em 31032024<\/a><br><a href=\"https:\/\/muriaeprev.com.br\/site\/wp-content\/uploads\/2025\/05\/Posicao-dos-Investimentos-30042024.pdf\" data-type=\"attachment\" data-id=\"487\">Posi\u00e7\u00e3o dos Investimentos em 30042024<\/a><br><a href=\"https:\/\/muriaeprev.com.br\/site\/wp-content\/uploads\/2025\/05\/Posicao-dos-Investimentos-31052024.pdf\" data-type=\"attachment\" data-id=\"494\">Posi\u00e7\u00e3o dos Investimentos em 31052024<\/a><br><a href=\"https:\/\/muriaeprev.com.br\/site\/wp-content\/uploads\/2025\/05\/Posicao-dos-Investimentos-28062024.pdf\" data-type=\"attachment\" data-id=\"484\">Posi\u00e7\u00e3o dos Investimentos em 28062024<\/a><br><a href=\"https:\/\/muriaeprev.com.br\/site\/wp-content\/uploads\/2025\/05\/Posicao-dos-Investimentos-31072024.pdf\" data-type=\"attachment\" data-id=\"495\">Posi\u00e7\u00e3o dos Investimentos em 31072024<\/a><br><a href=\"https:\/\/muriaeprev.com.br\/site\/wp-content\/uploads\/2025\/05\/Posicao-dos-Investimentos-30082024.pdf\" data-type=\"attachment\" data-id=\"488\">Posi\u00e7\u00e3o dos Investimentos em 30082024<\/a><br><a href=\"https:\/\/muriaeprev.com.br\/site\/wp-content\/uploads\/2025\/05\/Posicao-dos-Investimentos-31102024.pdf\" data-type=\"attachment\" data-id=\"496\">Posi\u00e7\u00e3o dos Investimentos em 31102024<\/a><br><a href=\"https:\/\/muriaeprev.com.br\/site\/wp-content\/uploads\/2025\/05\/Posicao-dos-Investimentos-30112024.pdf\" data-type=\"attachment\" data-id=\"489\">Posi\u00e7\u00e3o dos Investimentos em 30112024<\/a><br><a href=\"https:\/\/muriaeprev.com.br\/site\/wp-content\/uploads\/2025\/05\/Posicao-dos-Investimentos-31122024.pdf\" data-type=\"attachment\" data-id=\"497\">Posi\u00e7\u00e3o dos Investimentos em 31122024<\/a><\/p>\n\n\n\n<p><strong>2023<\/strong><br><a href=\"http:\/\/www.muriaeprev.com.br\/portal\/wp-content\/uploads\/2023\/05\/Posicao-dos-Investimentos-em-31012023.xlsx.pdf\">Posicao dos Investimentos em 31012023<\/a><br><a href=\"http:\/\/www.muriaeprev.com.br\/portal\/wp-content\/uploads\/2023\/05\/Posicao-dos-Investimentos-em-28022023.pdf\">Posicao dos Investimentos em 28022023<\/a><br><a href=\"http:\/\/www.muriaeprev.com.br\/portal\/wp-content\/uploads\/2023\/05\/Posicao-dos-Investimentos-em-31032023.xlsx.pdf\">Posicao dos Investimentos em 31032023<\/a><br><a href=\"http:\/\/www.muriaeprev.com.br\/portal\/wp-content\/uploads\/2023\/05\/Posicao-dos-Investimentos-em-28042023.pdf\">Posicao dos Investimentos em 28042023<\/a><br><a href=\"http:\/\/www.muriaeprev.com.br\/portal\/wp-content\/uploads\/2023\/11\/Posicao-dos-Investimentos-em-31052023.pdf\">Posicao dos Investimentos em 31052023<\/a><br><a href=\"http:\/\/www.muriaeprev.com.br\/portal\/wp-content\/uploads\/2023\/11\/Posicao-dos-Investimentos-em-30062023.pdf\">Posicao dos Investimentos em 30062023<\/a><br><a href=\"http:\/\/www.muriaeprev.com.br\/portal\/wp-content\/uploads\/2023\/11\/Posicao-dos-Investimentos-em-31072023.pdf\">Posicao dos Investimentos em 31072023<\/a><br><a href=\"http:\/\/www.muriaeprev.com.br\/portal\/wp-content\/uploads\/2023\/11\/Posicao-dos-Investimentos-em-31082023.pdf\">Posicao dos Investimentos em 31082023<\/a><br><a href=\"http:\/\/www.muriaeprev.com.br\/portal\/wp-content\/uploads\/2024\/04\/Posicao-dos-Investimentos-em-29092023.pdf\">Posicao dos Investimentos em 29092023<\/a><br><a href=\"http:\/\/www.muriaeprev.com.br\/portal\/wp-content\/uploads\/2024\/04\/Posicao-dos-Investimentos-em-31102023.pdf\">Posicao dos Investimentos em 31102023<\/a><br><a href=\"http:\/\/www.muriaeprev.com.br\/portal\/wp-content\/uploads\/2024\/04\/Posicao-dos-Investimentos-em-30112023.pdf\">Posicao dos Investimentos em 30112023<\/a><br><a href=\"https:\/\/muriaeprev.com.br\/site\/wp-content\/uploads\/2025\/05\/Posicao-dos-Investimentos-29122023.pdf\" data-type=\"attachment\" data-id=\"486\">Posi\u00e7\u00e3o dos Investimentos em 29122023<\/a><\/p>\n\n\n\n<p><strong>2022<br><\/strong><a href=\"http:\/\/www.muriaeprev.com.br\/portal\/wp-content\/uploads\/2022\/04\/Posicao-dos-Investimentos-em-31012022.xlsx\">Posicao dos Investimentos em 31012022<\/a><br><a href=\"http:\/\/www.muriaeprev.com.br\/portal\/wp-content\/uploads\/2022\/04\/Posicao-dos-Investimentos-em-25022022.xlsx\">Posicao dos Investimentos em 25022022<\/a><br><a href=\"http:\/\/www.muriaeprev.com.br\/portal\/wp-content\/uploads\/2022\/04\/Posicao-dos-Investimentos-em-31032022.xlsx\">Posicao dos Investimentos em 31032022<\/a><br><a href=\"http:\/\/www.muriaeprev.com.br\/portal\/wp-content\/uploads\/2022\/05\/Posicao-dos-Investimentos-em-29042022.xlsx-Plan1.pdf\">Posicao dos Investimentos em 29042022<\/a><br><a href=\"http:\/\/www.muriaeprev.com.br\/portal\/wp-content\/uploads\/2022\/08\/Posicao-dos-Investimentos-em-31052022.xlsx\">Posicao dos Investimentos em 31052022<\/a><br><a href=\"http:\/\/www.muriaeprev.com.br\/portal\/wp-content\/uploads\/2022\/08\/Posicao-dos-Investimentos-em-30062022.xlsx\">Posicao dos Investimentos em 30062022<\/a><br><a href=\"http:\/\/www.muriaeprev.com.br\/portal\/wp-content\/uploads\/2023\/01\/Posicao-dos-Investimentos-em-29072022.pdf\">Posicao dos Investimentos em 29072022<\/a><br><a href=\"http:\/\/www.muriaeprev.com.br\/portal\/wp-content\/uploads\/2023\/01\/Posicao-dos-Investimentos-em-31082022.pdf\">Posicao dos Investimentos em 31082022<\/a><br><a href=\"http:\/\/www.muriaeprev.com.br\/portal\/wp-content\/uploads\/2023\/01\/Posicao-dos-Investimentos-em-30092022.pdf\">Posicao dos Investimentos em 30092022<\/a><br><a href=\"http:\/\/www.muriaeprev.com.br\/portal\/wp-content\/uploads\/2023\/01\/Posicao-dos-Investimentos-em-31102022.pdf\">Posicao dos Investimentos em 31102022<\/a><br><a href=\"http:\/\/www.muriaeprev.com.br\/portal\/wp-content\/uploads\/2023\/01\/Posicao-dos-Investimentos-em-30112022.pdf\">Posicao dos Investimentos em 30112022<\/a><br><a href=\"http:\/\/www.muriaeprev.com.br\/portal\/wp-content\/uploads\/2023\/05\/Posicao-dos-Investimentos-em-30122022.pdf\">Posicao dos Investimentos em 30122022<\/a><\/p>\n\n\n\n<p><strong>2021<br><\/strong><a href=\"http:\/\/www.muriaeprev.com.br\/portal\/wp-content\/uploads\/2021\/11\/Posicao-dos-Investimentos-em-31012021.pdf\">Posicao dos Investimentos em 31012021<\/a><br><a href=\"http:\/\/www.muriaeprev.com.br\/portal\/wp-content\/uploads\/2021\/11\/Posicao-dos-Investimentos-em-26022021.pdf\">Posicao dos Investimentos em 26022021<\/a><br><a href=\"http:\/\/www.muriaeprev.com.br\/portal\/wp-content\/uploads\/2021\/11\/Posicao-dos-Investimentos-em-31032021.pdf\">Posicao dos Investimentos em 31032021<\/a><br><a href=\"http:\/\/www.muriaeprev.com.br\/portal\/wp-content\/uploads\/2021\/11\/Posicao-dos-Investimentos-em-30042021.pdf\">Posicao dos Investimentos em 30042021<\/a><br><a href=\"http:\/\/www.muriaeprev.com.br\/portal\/wp-content\/uploads\/2021\/11\/Posicao-dos-Investimentos-em-31052021.pdf\">Posicao dos Investimentos em 31052021<\/a><br><a href=\"http:\/\/www.muriaeprev.com.br\/portal\/wp-content\/uploads\/2021\/11\/Posicao-dos-Investimentos-em-30062021xlsx.pdf\">Posicao dos Investimentos em 30062021<\/a><br><a href=\"http:\/\/www.muriaeprev.com.br\/portal\/wp-content\/uploads\/2021\/11\/Posicao-dos-Investimentos-em-30072021.pdf\">Posicao dos Investimentos em 30072021<\/a><br><a href=\"http:\/\/www.muriaeprev.com.br\/portal\/wp-content\/uploads\/2022\/01\/Posicao-dos-Investimentos-em-31082021.pdf\">Posicao dos Investimentos em 31082021<\/a><br><a href=\"http:\/\/www.muriaeprev.com.br\/portal\/wp-content\/uploads\/2022\/01\/Posicao-dos-Investimentos-em-30092021.pdf\">Posicao dos Investimentos em 30092021<\/a><br><a href=\"http:\/\/www.muriaeprev.com.br\/portal\/wp-content\/uploads\/2022\/01\/Posicao-dos-Investimentos-em-29102021.pdf\">Posicao dos Investimentos em 29102021<\/a><br><a href=\"http:\/\/www.muriaeprev.com.br\/portal\/wp-content\/uploads\/2022\/01\/Posicao-dos-Investimentos-em-30112021.pdf\">Posicao dos Investimentos em 30112021<\/a><br><a href=\"http:\/\/www.muriaeprev.com.br\/portal\/wp-content\/uploads\/2022\/04\/Posicao-dos-Investimentos-em-31122021.xlsx\">Posicao dos Investimentos em 31122021<\/a><\/p>\n\n\n\n<p><strong>2020<br><\/strong><a href=\"http:\/\/www.muriaeprev.com.br\/portal\/wp-content\/uploads\/2016\/09\/Posicao-dos-Investimentos-em-31012020.pdf\">Posi\u00e7\u00e3o dos Investimentos em Janeiro<\/a><br><a href=\"http:\/\/www.muriaeprev.com.br\/portal\/wp-content\/uploads\/2016\/09\/Posicao-dos-Investimentos-em-28022020.pdf\">Posi\u00e7\u00e3o dos Investimentos em Fevereiro<\/a><br><a href=\"http:\/\/www.muriaeprev.com.br\/portal\/wp-content\/uploads\/2016\/09\/Posicao-dos-Investimentos-em-31032020.pdf\">Posi\u00e7\u00e3o dos Investimentos em Mar\u00e7o<\/a><br><a href=\"http:\/\/www.muriaeprev.com.br\/portal\/wp-content\/uploads\/2016\/09\/Posicao-dos-Investimentos-em-30042020.pdf\">Posi\u00e7\u00e3o dos Investimentos em Abril<\/a><br><a href=\"http:\/\/www.muriaeprev.com.br\/portal\/wp-content\/uploads\/2016\/09\/Posicao-dos-Investimentos-em-29052020.pdf\">Posi\u00e7\u00e3o dos Investimentos em Maio<\/a><br><a href=\"http:\/\/www.muriaeprev.com.br\/portal\/wp-content\/uploads\/2016\/09\/Posicao-dos-Investimentos-em-30062020.pdf\">Posi\u00e7\u00e3o dos Investimentos em Junho<\/a><br><a href=\"http:\/\/www.muriaeprev.com.br\/portal\/wp-content\/uploads\/2016\/09\/Posicao-dos-Investimentos-em-31072020.pdf\">Posi\u00e7\u00e3o dos Investimentos em Julho<\/a><br><a href=\"http:\/\/www.muriaeprev.com.br\/portal\/wp-content\/uploads\/2016\/09\/Posicao-dos-Investimentos-em-30082020.pdf\">Posi\u00e7\u00e3o dos Investimentos em&nbsp;Agosto<br><\/a><a href=\"http:\/\/www.muriaeprev.com.br\/portal\/wp-content\/uploads\/2016\/09\/Posicao-dos-Investimentos-em-30092020.pdf\">Posi\u00e7\u00e3o dos Investimentos em Setembro<\/a><br><a href=\"http:\/\/www.muriaeprev.com.br\/portal\/wp-content\/uploads\/2016\/09\/Posicao-dos-Investimentos-em-31102020.pdf\">Posi\u00e7\u00e3o dos Investimentos em Outubro<\/a><br><a href=\"http:\/\/www.muriaeprev.com.br\/portal\/wp-content\/uploads\/2016\/09\/Posicao-dos-Investimentos-em-30112020.pdf\">Posi\u00e7\u00e3o dos Investimentos em Novembro<\/a><br><a href=\"http:\/\/www.muriaeprev.com.br\/imagens\/Posicao-30122020.pdf\">Posi\u00e7\u00e3o dos Investimentos em&nbsp;Dezembro<\/a><\/p>\n\n\n\n<p><strong>2019<\/strong><br><a href=\"http:\/\/www.muriaeprev.com.br\/portal\/wp-content\/uploads\/2016\/09\/Posicao-dos-Investimentos-em-31012019.pdf\">Posi\u00e7\u00e3o dos Investimentos em Janeiro<br><\/a><a href=\"http:\/\/www.muriaeprev.com.br\/portal\/wp-content\/uploads\/2016\/09\/Posicao-dos-Investimentos-em-Fevereiro.pdf\">Posi\u00e7\u00e3o dos Investimentos em Fevereiro<br><\/a><a href=\"http:\/\/www.muriaeprev.com.br\/portal\/wp-content\/uploads\/2016\/09\/Posicao-dos-Investimentos-em-Mar\u00e7o.pdf\">Posi\u00e7\u00e3o dos Investimentos em Mar\u00e7o<\/a><a href=\"http:\/\/www.muriaeprev.com.br\/portal\/wp-content\/uploads\/2016\/09\/Posicao-dos-Investimentos-em-Fevereiro.pdf\"><br><\/a><a href=\"http:\/\/www.muriaeprev.com.br\/portal\/wp-content\/uploads\/2016\/09\/Posicao-dos-Investimentos-em-Abril.pdf\">Posi\u00e7\u00e3o dos Investimentos em Abril<br><\/a><a href=\"http:\/\/www.muriaeprev.com.br\/portal\/wp-content\/uploads\/2016\/09\/Posicao-dos-Investimentos-em-31052019.pdf\">Posi\u00e7\u00e3o dos Investimentos em Maio<\/a><br><a href=\"http:\/\/www.muriaeprev.com.br\/portal\/wp-content\/uploads\/2016\/09\/Posicao-dos-Investimentos-em-28062019.pdf\">Posi\u00e7\u00e3o dos Investimentos em Junho<br><\/a><a href=\"http:\/\/www.muriaeprev.com.br\/portal\/wp-content\/uploads\/2016\/09\/Posicao-dos-Investimentos-em-31072019.pdf\">Posicao dos Investimentos em Julho<\/a><a href=\"http:\/\/www.muriaeprev.com.br\/portal\/wp-content\/uploads\/2016\/09\/Posicao-dos-Investimentos-em-31012019.pdf\"><br><\/a><a href=\"http:\/\/www.muriaeprev.com.br\/portal\/wp-content\/uploads\/2016\/09\/Posicao-dos-Investimentos-em-30082019.pdf\">Posicao dos Investimentos em Agosto<br><\/a><a href=\"http:\/\/www.muriaeprev.com.br\/portal\/wp-content\/uploads\/2019\/10\/Posicao-dos-Investimentos-em-30092019-_2_.pdf\">Posi\u00e7\u00e3o dos Investimentos em Setembro<br>Posi\u00e7\u00e3o dos Investimentos em Outubro<br><\/a><a href=\"http:\/\/www.muriaeprev.com.br\/portal\/wp-content\/uploads\/2016\/09\/Posicao-dos-Investimentos-em-30082019.pdf\">Posi\u00e7\u00e3o dos Investimentos em Novembro<br>Posi\u00e7\u00e3o dos Investimentos em Dezembro<\/a><\/p>\n\n\n\n<p><strong>2018<\/strong><br><a href=\"http:\/\/www.muriaeprev.com.br\/portal\/wp-content\/uploads\/2016\/09\/Posicao-dos-Investimentos-em-31012018.pdf\">Posi\u00e7\u00e3o dos Investimentos em Janeiro<br><\/a><a href=\"http:\/\/www.muriaeprev.com.br\/portal\/wp-content\/uploads\/2016\/09\/Posicao-dos-Investimentos-em-28022018.pdf\">Posicao dos Investimentos em Fevereiro<br><\/a><a href=\"http:\/\/www.muriaeprev.com.br\/portal\/wp-content\/uploads\/2016\/09\/Posicao-dos-Investimentos-em-30032018.pdf\">Posicao dos Investimentos em Mar\u00e7o<br><\/a><a href=\"http:\/\/www.muriaeprev.com.br\/portal\/wp-content\/uploads\/2016\/09\/Posicao-dos-Investimentos-em-30042018-Plan1.pdf\">Posicao dos Investimentos em Abril<\/a><br><a href=\"http:\/\/www.muriaeprev.com.br\/portal\/wp-content\/uploads\/2016\/09\/Posicao-dos-Investimentos-em-Maio.pdf\">Posi\u00e7\u00e3o dos Investimentos em Maio<\/a><br><a href=\"http:\/\/www.muriaeprev.com.br\/portal\/wp-content\/uploads\/2016\/09\/Posicao-dos-Investimentos-em-Junho.pdf\">Posi\u00e7\u00e3o dos Investimentos em Junho<\/a><br><a href=\"http:\/\/www.muriaeprev.com.br\/portal\/wp-content\/uploads\/2016\/09\/Posicao-dos-Investimentos-em-Julho-1.pdf\">Posi\u00e7\u00e3o dos Investimentos em Julho<br><\/a><a href=\"http:\/\/www.muriaeprev.com.br\/portal\/wp-content\/uploads\/2016\/09\/Posicao_AGOSTO.pdf\">Posi\u00e7\u00e3o dos Investimentos em Agosto<br><\/a><a href=\"http:\/\/www.muriaeprev.com.br\/portal\/wp-content\/uploads\/2016\/09\/Posicao-dos-Investimentos-em-28092018.pdf\">Posi\u00e7\u00e3o dos Investimentos em Setembro<br><\/a><a href=\"http:\/\/www.muriaeprev.com.br\/portal\/wp-content\/uploads\/2016\/09\/Posicao-dos-Investimentos-em-Outubro.pdf\">Posi\u00e7\u00e3o dos Investimentos em Outubro<\/a><a href=\"http:\/\/www.muriaeprev.com.br\/portal\/wp-content\/uploads\/2016\/09\/Posicao-dos-Investimentos-em-28092018.pdf\"><br><\/a><a href=\"http:\/\/www.muriaeprev.com.br\/portal\/wp-content\/uploads\/2016\/09\/Posicao-dos-Investimentos-em-Novembro.pdf\">Posi\u00e7\u00e3o dos Investimentos em Novembro<\/a><a href=\"http:\/\/www.muriaeprev.com.br\/portal\/wp-content\/uploads\/2016\/09\/Posicao-dos-Investimentos-em-28092018.pdf\"><br><\/a><a href=\"http:\/\/www.muriaeprev.com.br\/portal\/wp-content\/uploads\/2016\/09\/Posicao-dos-Investimentos-em-Dezembro.pdf\">Posi\u00e7\u00e3o dos Investimentos em Dezembro<\/a><a href=\"http:\/\/www.muriaeprev.com.br\/portal\/wp-content\/uploads\/2016\/09\/Posicao-dos-Investimentos-em-28092018.pdf\"><br><\/a><\/p>\n\n\n\n<p><strong>2017<\/strong><br><a href=\"http:\/\/www.muriaeprev.com.br\/portal\/wp-content\/uploads\/2016\/09\/Posicao-janeiro2017.pdf\">Posi\u00e7\u00e3o dos Investimentos em Janeiro<br><\/a><a href=\"http:\/\/www.muriaeprev.com.br\/portal\/wp-content\/uploads\/2016\/09\/Posicao24022017.pdf\">Posi\u00e7\u00e3o dos Investimentos em Fevereiro<\/a><br><a href=\"http:\/\/www.muriaeprev.com.br\/portal\/wp-content\/uploads\/2016\/09\/Posicao31032017.pdf\">Posi\u00e7\u00e3o dos Investimentos em Mar\u00e7o<br><\/a><a href=\"http:\/\/www.muriaeprev.com.br\/portal\/wp-content\/uploads\/2016\/09\/Posicao28042017.pdf\">Posi\u00e7\u00e3o dos Investimentos em Abril<br><\/a><a href=\"http:\/\/www.muriaeprev.com.br\/portal\/wp-content\/uploads\/2016\/09\/Posicao-dos-Investimentos-em-31052017.pdf\">Posi\u00e7\u00e3o dos Investimentos em Maio<br><\/a><a href=\"http:\/\/www.muriaeprev.com.br\/portal\/wp-content\/uploads\/2016\/09\/Posicao-dos-Investimentos-em-Julho.pdf\">Posi\u00e7\u00e3o dos Investimentos em Junho<\/a><a href=\"http:\/\/www.muriaeprev.com.br\/portal\/wp-content\/uploads\/2016\/09\/Posicao-dos-Investimentos-em-31052017.pdf\"><br><\/a><a href=\"http:\/\/www.muriaeprev.com.br\/portal\/wp-content\/uploads\/2016\/09\/Posicao-dos-Investimentos-em-31072017.pdf\">Posi\u00e7\u00e3o dos Investimentos em Julho<br><\/a><a href=\"http:\/\/www.muriaeprev.com.br\/portal\/wp-content\/uploads\/2016\/09\/Posicao-dos-Investimentos-em-agosto.pdf\">Posi\u00e7\u00e3o dos Investimentos em Agosto<br><\/a><a href=\"http:\/\/www.muriaeprev.com.br\/portal\/wp-content\/uploads\/2016\/09\/posicaosetembro.pdf\">Posi\u00e7\u00e3o dos Investimentos em&nbsp;Setembro<br><\/a><a href=\"http:\/\/www.muriaeprev.com.br\/portal\/wp-content\/uploads\/2016\/09\/Posicao-dos-Investimentos-em-31102017-1.pdf\">Posi\u00e7\u00e3o dos Investimentos em Outubro<br><\/a><a href=\"http:\/\/www.muriaeprev.com.br\/portal\/wp-content\/uploads\/2016\/09\/Pos30112017.pdf\">Posi\u00e7\u00e3o dos Investimentos em Novembro<\/a><br><a href=\"http:\/\/www.muriaeprev.com.br\/portal\/wp-content\/uploads\/2016\/09\/Pos30122017.pdf\">Posi\u00e7\u00e3o dos Investimentos em dezembro<\/a><a href=\"http:\/\/www.muriaeprev.com.br\/portal\/wp-content\/uploads\/2016\/09\/Posicao-dos-Investimentos-em-31072017.pdf\"><br><\/a><\/p>\n\n\n\n<p><strong>2016<\/strong><br><a href=\"http:\/\/www.muriaeprev.com.br\/investimentos_fevereiro_2016.pdf\">Posi\u00e7\u00e3o dos Investimentos em Janeiro<br>Posi\u00e7\u00e3o dos Investimentos em Fevereiro<\/a><br><a href=\"http:\/\/www.muriaeprev.com.br\/investimentos_marco_2016.pdf\">Posi\u00e7\u00e3o dos Investimentos em Mar\u00e7o<\/a><br><a href=\"http:\/\/www.muriaeprev.com.br\/investimentos_abril_2016.pdf\">Posi\u00e7\u00e3o dos Investimentos em Abril<\/a><br><a href=\"http:\/\/www.muriaeprev.com.br\/investimentos_maio_2016.pdf\">Posi\u00e7\u00e3o dos Investimentos em Maio<\/a><br><a href=\"http:\/\/www.muriaeprev.com.br\/investimentos_junho_2016.pdf\">Posi\u00e7\u00e3o dos Investimentos em Junho<\/a><br><a href=\"http:\/\/www.muriaeprev.com.br\/portal\/wp-content\/uploads\/2016\/09\/Posicao_agosto_16.pdf\">Posi\u00e7\u00e3o dos Investimentos em Julho<br>Posi\u00e7\u00e3o dos Investimentos em Agosto<br><\/a><a href=\"http:\/\/www.muriaeprev.com.br\/portal\/wp-content\/uploads\/2016\/09\/posicao_setembro_2016.pdf\">Posi\u00e7\u00e3o dos Investimentos em Setembro<br><\/a><a href=\"http:\/\/www.muriaeprev.com.br\/portal\/wp-content\/uploads\/2016\/09\/posicao_outubro_2016.pdf\">Posi\u00e7\u00e3o dos Investimentos em Outubro<br><\/a><a href=\"http:\/\/www.muriaeprev.com.br\/portal\/wp-content\/uploads\/2017\/01\/posicao_novembro_2016.pdf\">Posi\u00e7\u00e3o dos Investimentos em Novembro<\/a><br><a href=\"http:\/\/www.muriaeprev.com.br\/portal\/wp-content\/uploads\/2017\/01\/posicao_dexzembro_2016.pdf\">Posi\u00e7\u00e3o dos Investimentos em Dezembro<\/a><a href=\"http:\/\/www.muriaeprev.com.br\/portal\/wp-content\/uploads\/2016\/09\/posicao_outubro_2016.pdf\"><br><\/a><\/p>\n\n\n\n<p><strong>2015<\/strong><br><a href=\"http:\/\/www.muriaeprev.com.br\/imagens\/investimentos_012015.pdf\">Posi\u00e7\u00e3o dos Investimentos em Janeiro<\/a><br><a href=\"http:\/\/www.muriaeprev.com.br\/imagens\/investimentos_022015.pdf\">Posi\u00e7\u00e3o dos Investimentos em Fevereiro<\/a><br><a href=\"http:\/\/www.muriaeprev.com.br\/imagens\/investimentos_032015.pdf\">Posi\u00e7\u00e3o dos Investimentos em Mar\u00e7o<\/a><br><a href=\"http:\/\/www.muriaeprev.com.br\/imagens\/investimentos_042015.pdf\">Posi\u00e7\u00e3o dos Investimentos em Abril<\/a><br><a href=\"http:\/\/www.muriaeprev.com.br\/imagens\/investimentos_052015.pdf\">Posi\u00e7\u00e3o dos Investimentos em Maio<\/a><br><a href=\"http:\/\/www.muriaeprev.com.br\/imagens\/investimentos_062015.pdf\">Posi\u00e7\u00e3o dos Investimentos em Junho<\/a><br><a href=\"http:\/\/www.muriaeprev.com.br\/imagens\/investimentos_072015.pdf\">Posi\u00e7\u00e3o dos Investimentos em Julho<br><\/a><a href=\"http:\/\/www.muriaeprev.com.br\/posicaoagosto2015.pdf\">Posi\u00e7\u00e3o dos Investimentos em Agosto<\/a><br><a href=\"http:\/\/www.muriaeprev.com.br\/posicaosetembro2015.pdf\">Posi\u00e7\u00e3o dos Investimentos em Setembro<\/a><br><a href=\"http:\/\/www.muriaeprev.com.br\/posicaooutubro2015.pdf\">Posi\u00e7\u00e3o dos Investimentos em Outubro<\/a><br><a href=\"http:\/\/www.muriaeprev.com.br\/posicaonovembro2015.pdf\">Posi\u00e7\u00e3o dos Investimentos em Novembro<\/a><br><a href=\"http:\/\/www.muriaeprev.com.br\/posicaodezembro2015.pdf\">Posi\u00e7\u00e3o dos Investimentos em Dezembro<\/a><\/p>\n\n\n\n<p><strong>2014<\/strong><br><a href=\"http:\/\/www.muriaeprev.com.br\/imagens\/investimentos_012014.pdf\" target=\"_blank\" rel=\"noreferrer noopener\">Posi\u00e7\u00e3o dos Investimentos em Janeiro<\/a><br><a href=\"http:\/\/www.muriaeprev.com.br\/imagens\/investimentos_012014.pdf\" target=\"_blank\" rel=\"noreferrer noopener\">Posi\u00e7\u00e3o dos Investimentos em Fevereiro<\/a><br><a href=\"http:\/\/www.muriaeprev.com.br\/imagens\/investimentos_032014.pdf\" target=\"_blank\" rel=\"noreferrer noopener\">Posi\u00e7\u00e3o dos Investimentos em Mar\u00e7o<\/a><br><a href=\"http:\/\/www.muriaeprev.com.br\/imagens\/investimentos_042014.pdf\" target=\"_blank\" rel=\"noreferrer noopener\">Posi\u00e7\u00e3o dos Investimentos em Abril<\/a><br><a href=\"http:\/\/www.muriaeprev.com.br\/imagens\/investimentos_052014.pdf\" target=\"_blank\" rel=\"noreferrer noopener\">Posi\u00e7\u00e3o dos Investimentos em Maio<\/a><br><a href=\"http:\/\/www.muriaeprev.com.br\/PosicaodosInvestimentosem30062014.pdf\">Posi\u00e7\u00e3o dos Investimentos em Junho<\/a><br><a href=\"http:\/\/www.muriaeprev.com.br\/PosicaodosInvestimentosem31072014.pdf\">Posi\u00e7\u00e3o dos Investimentos em Julho<\/a><br><a href=\"http:\/\/muriaeprev.com.br\/politiaagosto.pdf\">Posi\u00e7\u00e3o dos Investimentos em Agosto<\/a><br><a href=\"http:\/\/www.muriaeprev.com.br\/posicaosetembro.pdf\">Posi\u00e7\u00e3o dos Investimentos em Setembro<\/a><br><a href=\"http:\/\/muriaeprev.com.br\/posicaooutubro.pdf\">Posi\u00e7\u00e3o dos Investimentos em Outubro<\/a><br><a href=\"http:\/\/www.muriaeprev.com.br\/posicaonovembro.pdf\">Posi\u00e7\u00e3o dos Investimentos em Novembro<\/a><br><a href=\"http:\/\/www.muriaeprev.com.br\/imagens\/investimentos_122014.pdf\">Posi\u00e7\u00e3o dos Investimentos em Dezembro<\/a><\/p>\n\n\n\n<p><strong>2013<\/strong><br><a href=\"http:\/\/www.muriaeprev.com.br\/imagens\/Posica0092013.pdf\">Posi\u00e7\u00e3o dos Investimentos em Setembro<\/a><br><a href=\"http:\/\/www.muriaeprev.com.br\/imagens\/posicao10.pdf\">Posi\u00e7\u00e3o dos Investimentos em Outubro<\/a><br><a href=\"http:\/\/www.muriaeprev.com.br\/imagens\/Posicao%20dos%20Investimentos%20em%2031122013.pdf\">Posi\u00e7\u00e3o dos Investimentos em Novembro<br>Posi\u00e7\u00e3o dos Investimentos em Dezembro<\/a><\/p>\n","protected":false},"excerpt":{"rendered":"<p>2025Posi\u00e7\u00e3o dos Investimentos em 31012025Posi\u00e7\u00e3o dos Investimentos em 28022025Posi\u00e7\u00e3o dos Investimentos em 31032025 2024Posi\u00e7\u00e3o dos Investimentos em 31012024Posi\u00e7\u00e3o dos Investimentos em 29022024Posi\u00e7\u00e3o dos Investimentos em 31032024Posi\u00e7\u00e3o dos Investimentos em 30042024Posi\u00e7\u00e3o dos Investimentos em 31052024Posi\u00e7\u00e3o dos Investimentos em 28062024Posi\u00e7\u00e3o dos Investimentos em 31072024Posi\u00e7\u00e3o dos Investimentos em 30082024Posi\u00e7\u00e3o dos Investimentos em 31102024Posi\u00e7\u00e3o dos Investimentos em 30112024Posi\u00e7\u00e3o dos [&hellip;]<\/p>\n","protected":false},"author":1,"featured_media":0,"parent":0,"menu_order":0,"comment_status":"closed","ping_status":"closed","template":"","meta":{"footnotes":""},"class_list":["post-359","page","type-page","status-publish","hentry"],"_links":{"self":[{"href":"https:\/\/muriaeprev.com.br\/site\/index.php?rest_route=\/wp\/v2\/pages\/359","targetHints":{"allow":["GET"]}}],"collection":[{"href":"https:\/\/muriaeprev.com.br\/site\/index.php?rest_route=\/wp\/v2\/pages"}],"about":[{"href":"https:\/\/muriaeprev.com.br\/site\/index.php?rest_route=\/wp\/v2\/types\/page"}],"author":[{"embeddable":true,"href":"https:\/\/muriaeprev.com.br\/site\/index.php?rest_route=\/wp\/v2\/users\/1"}],"replies":[{"embeddable":true,"href":"https:\/\/muriaeprev.com.br\/site\/index.php?rest_route=%2Fwp%2Fv2%2Fcomments&post=359"}],"version-history":[{"count":2,"href":"https:\/\/muriaeprev.com.br\/site\/index.php?rest_route=\/wp\/v2\/pages\/359\/revisions"}],"predecessor-version":[{"id":498,"href":"https:\/\/muriaeprev.com.br\/site\/index.php?rest_route=\/wp\/v2\/pages\/359\/revisions\/498"}],"wp:attachment":[{"href":"https:\/\/muriaeprev.com.br\/site\/index.php?rest_route=%2Fwp%2Fv2%2Fmedia&parent=359"}],"curies":[{"name":"wp","href":"https:\/\/api.w.org\/{rel}","templated":true}]}}