{"id":233,"date":"2024-03-18T10:00:26","date_gmt":"2024-03-18T13:00:26","guid":{"rendered":"https:\/\/muriaeprev.com.br\/site\/?page_id=233"},"modified":"2026-02-21T14:51:45","modified_gmt":"2026-02-21T17:51:45","slug":"equipe","status":"publish","type":"page","link":"https:\/\/muriaeprev.com.br\/site\/?page_id=233","title":{"rendered":"Equipe"},"content":{"rendered":"\n<h2 class=\"wp-block-heading\">Presid\u00eancia<\/h2>\n\n\n\n<p><strong>Presidente:<\/strong> Alessandro Rodrigues Campos<\/p>\n\n\n\n<hr class=\"wp-block-separator has-alpha-channel-opacity\"\/>\n\n\n\n<h2 class=\"wp-block-heading\">Conselho de Administra\u00e7\u00e3o<\/h2>\n\n\n\n<ul class=\"wp-block-list\">\n<li><strong>Presidente:<\/strong> Adriana de Souza Zem Fraga<\/li>\n<\/ul>\n\n\n\n<h3 class=\"wp-block-heading\">Membros Natos<\/h3>\n\n\n\n<ul class=\"wp-block-list\">\n<li><strong>Secret\u00e1rio Municipal de Fazenda:<\/strong> Francisco de Assis de S. J\u00fanior<\/li>\n\n\n\n<li><strong>Secret\u00e1ria Municipal de Administra\u00e7\u00e3o:<\/strong> Tamara Idalice de Souza Braga<\/li>\n<\/ul>\n\n\n\n<h3 class=\"wp-block-heading\">Membros Efetivos<\/h3>\n\n\n\n<ul class=\"wp-block-list\">\n<li>Adriana de Souza Zem Fraga<\/li>\n\n\n\n<li>Gladson Rodrigues Gomes Campos<\/li>\n\n\n\n<li>T\u00e2nia Mara Nery Martins<\/li>\n\n\n\n<li>Felix Augusto Silva Falc\u00e3o<\/li>\n<\/ul>\n\n\n\n<h3 class=\"wp-block-heading\">Membros Suplentes<\/h3>\n\n\n\n<ul class=\"wp-block-list\">\n<li>Leonardo Areal Carrizzo<\/li>\n\n\n\n<li>Edmilson Pimentel da Silva<\/li>\n\n\n\n<li>Isabele Cardoso de Morais<\/li>\n\n\n\n<li>Jos\u00e9 dos Santos Costa<\/li>\n\n\n\n<li>Anelisa Dutra Gl\u00f3ria<\/li>\n\n\n\n<li>Vanderleia Aparecida de Castro Souza<\/li>\n<\/ul>\n\n\n\n<hr class=\"wp-block-separator has-alpha-channel-opacity\"\/>\n\n\n\n<h2 class=\"wp-block-heading\">Conselho Fiscal<\/h2>\n\n\n\n<ul class=\"wp-block-list\">\n<li><strong>Presidente:<\/strong> Marcos Barcaro Pinto<\/li>\n<\/ul>\n\n\n\n<h3 class=\"wp-block-heading\">Membros Efetivos<\/h3>\n\n\n\n<ul class=\"wp-block-list\">\n<li>Cl\u00e1udia Braga Dutra de Melo<\/li>\n\n\n\n<li>Ant\u00f4nio Jos\u00e9 Pereira de Oliveira<\/li>\n\n\n\n<li>Gleisa de Oliveira Santos<\/li>\n<\/ul>\n\n\n\n<h3 class=\"wp-block-heading\">Membros Suplentes<\/h3>\n\n\n\n<ul class=\"wp-block-list\">\n<li>Leonardo Areal Carrizzo<\/li>\n\n\n\n<li>J\u00falio C\u00e9sar Prata<\/li>\n\n\n\n<li>C\u00e9lio Carlos Rosa de Paula<\/li>\n\n\n\n<li>Sidney Cristino<\/li>\n<\/ul>\n\n\n\n<hr class=\"wp-block-separator has-alpha-channel-opacity\"\/>\n\n\n\n<h2 class=\"wp-block-heading\">Comit\u00ea de Investimentos<\/h2>\n\n\n\n<ul class=\"wp-block-list\">\n<li><strong>Presidente:<\/strong> Alessandro Rodrigues Campos<\/li>\n<\/ul>\n\n\n\n<h3 class=\"wp-block-heading\">Membros Efetivos<\/h3>\n\n\n\n<ul class=\"wp-block-list\">\n<li>Pedro Alves Vieira J\u00fanior<\/li>\n\n\n\n<li>Stelamaris Schuenck Rezende Barbosa<\/li>\n\n\n\n<li>Gilmar Lopes de Faria<\/li>\n\n\n\n<li>Renata Ramos de Lacerda<\/li>\n<\/ul>\n\n\n\n<h3 class=\"wp-block-heading\">Membros Suplentes<\/h3>\n\n\n\n<ul class=\"wp-block-list\">\n<li>Ant\u00f4nio Jos\u00e9 Pereira de Oliveira<\/li>\n\n\n\n<li>Cl\u00e1udia Braga Dutra<\/li>\n<\/ul>\n\n\n\n<hr class=\"wp-block-separator has-alpha-channel-opacity\"\/>\n\n\n\n<h2 class=\"wp-block-heading\">Equipe T\u00e9cnica e Administrativa<\/h2>\n\n\n\n<ul class=\"wp-block-list\">\n<li><strong>Agente de Controle Interno:<\/strong> Ana Cl\u00e1udia do Valle Amaro<\/li>\n\n\n\n<li><strong>Assessor Jur\u00eddico:<\/strong> Jo\u00e3o Paulo Montesano Adriano<\/li>\n\n\n\n<li><strong>Tesoureira:<\/strong> Stelamaris Schuenck Rezende Barbosa<\/li>\n\n\n\n<li><strong>Secret\u00e1ria Executiva:<\/strong> Nancy Lieta Lima<\/li>\n\n\n\n<li><strong>Coordenador da Se\u00e7\u00e3o de Contabilidade:<\/strong> Pedro Alves Vieira J\u00fanior<\/li>\n\n\n\n<li><strong>Coordenador da Se\u00e7\u00e3o de Processamento de Dados:<\/strong> M\u00e1rcio Ottoni Larieu de Oliveira<\/li>\n\n\n\n<li><strong>Coordenadora da Se\u00e7\u00e3o de Benef\u00edcios Previdenci\u00e1rios:<\/strong> Jeanne Pinho Batista<\/li>\n<\/ul>\n","protected":false},"excerpt":{"rendered":"<p>Presid\u00eancia Presidente: Alessandro Rodrigues Campos Conselho de Administra\u00e7\u00e3o Membros Natos Membros Efetivos Membros Suplentes Conselho Fiscal Membros Efetivos Membros Suplentes Comit\u00ea de Investimentos Membros Efetivos Membros Suplentes Equipe T\u00e9cnica e Administrativa<\/p>\n","protected":false},"author":1,"featured_media":0,"parent":0,"menu_order":0,"comment_status":"closed","ping_status":"closed","template":"","meta":{"footnotes":""},"class_list":["post-233","page","type-page","status-publish","hentry"],"_links":{"self":[{"href":"https:\/\/muriaeprev.com.br\/site\/index.php?rest_route=\/wp\/v2\/pages\/233","targetHints":{"allow":["GET"]}}],"collection":[{"href":"https:\/\/muriaeprev.com.br\/site\/index.php?rest_route=\/wp\/v2\/pages"}],"about":[{"href":"https:\/\/muriaeprev.com.br\/site\/index.php?rest_route=\/wp\/v2\/types\/page"}],"author":[{"embeddable":true,"href":"https:\/\/muriaeprev.com.br\/site\/index.php?rest_route=\/wp\/v2\/users\/1"}],"replies":[{"embeddable":true,"href":"https:\/\/muriaeprev.com.br\/site\/index.php?rest_route=%2Fwp%2Fv2%2Fcomments&post=233"}],"version-history":[{"count":4,"href":"https:\/\/muriaeprev.com.br\/site\/index.php?rest_route=\/wp\/v2\/pages\/233\/revisions"}],"predecessor-version":[{"id":564,"href":"https:\/\/muriaeprev.com.br\/site\/index.php?rest_route=\/wp\/v2\/pages\/233\/revisions\/564"}],"wp:attachment":[{"href":"https:\/\/muriaeprev.com.br\/site\/index.php?rest_route=%2Fwp%2Fv2%2Fmedia&parent=233"}],"curies":[{"name":"wp","href":"https:\/\/api.w.org\/{rel}","templated":true}]}}

<h2 class="wp-block-heading">Presidência</h2>



<p><strong>Presidente:</strong> Alessandro Rodrigues Campos</p>



<hr class="wp-block-separator has-alpha-channel-opacity"/>



<h2 class="wp-block-heading">Conselho de Administração</h2>



<ul class="wp-block-list">
<li><strong>Presidente:</strong> Adriana de Souza Zem Fraga</li>
</ul>



<h3 class="wp-block-heading">Membros Natos</h3>



<ul class="wp-block-list">
<li><strong>Secretário Municipal de Fazenda:</strong> Francisco de Assis de S. Júnior</li>



<li><strong>Secretária Municipal de Administração:</strong> Tamara Idalice de Souza Braga</li>
</ul>



<h3 class="wp-block-heading">Membros Efetivos</h3>



<ul class="wp-block-list">
<li>Adriana de Souza Zem Fraga</li>



<li>Gladson Rodrigues Gomes Campos</li>



<li>Tânia Mara Nery Martins</li>



<li>Felix Augusto Silva Falcão</li>
</ul>



<h3 class="wp-block-heading">Membros Suplentes</h3>



<ul class="wp-block-list">
<li>Leonardo Areal Carrizzo</li>



<li>Edmilson Pimentel da Silva</li>



<li>Isabele Cardoso de Morais</li>



<li>José dos Santos Costa</li>



<li>Anelisa Dutra Glória</li>



<li>Vanderleia Aparecida de Castro Souza</li>
</ul>



<hr class="wp-block-separator has-alpha-channel-opacity"/>



<h2 class="wp-block-heading">Conselho Fiscal</h2>



<ul class="wp-block-list">
<li><strong>Presidente:</strong> Marcos Barcaro Pinto</li>
</ul>



<h3 class="wp-block-heading">Membros Efetivos</h3>



<ul class="wp-block-list">
<li>Cláudia Braga Dutra de Melo</li>



<li>Antônio José Pereira de Oliveira</li>



<li>Gleisa de Oliveira Santos</li>
</ul>



<h3 class="wp-block-heading">Membros Suplentes</h3>



<ul class="wp-block-list">
<li>Leonardo Areal Carrizzo</li>



<li>Júlio César Prata</li>



<li>Célio Carlos Rosa de Paula</li>



<li>Sidney Cristino</li>
</ul>



<hr class="wp-block-separator has-alpha-channel-opacity"/>



<h2 class="wp-block-heading">Comitê de Investimentos</h2>



<ul class="wp-block-list">
<li><strong>Presidente:</strong> Alessandro Rodrigues Campos</li>
</ul>



<h3 class="wp-block-heading">Membros Efetivos</h3>



<ul class="wp-block-list">
<li>Pedro Alves Vieira Júnior</li>



<li>Stelamaris Schuenck Rezende Barbosa</li>



<li>Gilmar Lopes de Faria</li>



<li>Renata Ramos de Lacerda</li>
</ul>



<h3 class="wp-block-heading">Membros Suplentes</h3>



<ul class="wp-block-list">
<li>Antônio José Pereira de Oliveira</li>



<li>Cláudia Braga Dutra</li>
</ul>



<hr class="wp-block-separator has-alpha-channel-opacity"/>



<h2 class="wp-block-heading">Equipe Técnica e Administrativa</h2>



<ul class="wp-block-list">
<li><strong>Agente de Controle Interno:</strong> Ana Cláudia do Valle Amaro</li>



<li><strong>Assessor Jurídico:</strong> João Paulo Montesano Adriano</li>



<li><strong>Tesoureira:</strong> Stelamaris Schuenck Rezende Barbosa</li>



<li><strong>Secretária Executiva:</strong> Nancy Lieta Lima</li>



<li><strong>Coordenador da Seção de Contabilidade:</strong> Pedro Alves Vieira Júnior</li>



<li><strong>Coordenador da Seção de Processamento de Dados:</strong> Márcio Ottoni Larieu de Oliveira</li>



<li><strong>Coordenadora da Seção de Benefícios Previdenciários:</strong> Jeanne Pinho Batista</li>
</ul>

<p>Presidência Presidente: Alessandro Rodrigues Campos Conselho de Administração Membros Natos Membros Efetivos Membros Suplentes Conselho Fiscal Membros Efetivos Membros Suplentes Comitê de Investimentos Membros Efetivos Membros Suplentes Equipe Técnica e Administrativa</p>
